sor of 4 and 158901764.
4
Calculate the highest common factor of 160 and 108922120.
40
Calculate the greatest common divisor of 137004091 and 304703.
16037
Calculate the highest common factor of 351371 and 2507.
23
Calculate the greatest common factor of 7008 and 215350.
146
Calculate the highest common factor of 266556618 and 288.
18
Calculate the highest common divisor of 16522 and 1130800.
22
Calculate the highest common factor of 31848559 and 254905.
7283
What is the greatest common divisor of 8102192 and 8?
8
Calculate the greatest common divisor of 213624593 and 26.
13
What is the highest common factor of 45303984 and 1782?
198
Calculate the greatest common divisor of 127528273 and 26476.
6619
What is the greatest common divisor of 100 and 1455260?
20
Calculate the highest common divisor of 576771 and 206793.
69
Calculate the highest common factor of 17 and 123938.
1
What is the greatest common divisor of 2450 and 934406725?
1225
Calculate the greatest common divisor of 214627770 and 1890.
630
What is the highest common divisor of 5456573 and 13289?
137
Calculate the greatest common factor of 2364513 and 1428.
51
What is the highest common factor of 6466 and 21535013?
3233
Calculate the greatest common divisor of 1284966 and 396.
18
What is the greatest common divisor of 28218966 and 12?
6
Calculate the greatest common divisor of 4942 and 23117264.
706
Calculate the highest common divisor of 616 and 19815496.
8
Calculate the greatest common divisor of 226798 and 265716.
1342
Calculate the greatest common factor of 11021498 and 6.
2
What is the highest common factor of 6929 and 499057?
169
Calculate the highest common divisor of 18828600 and 1750.
350
What is the highest common factor of 1176 and 5711734?
98
What is the highest common factor of 12136 and 34440?
328
What is the greatest common divisor of 184007550 and 3725?
3725
Calculate the greatest common divisor of 498960 and 1368180.
1980
What is the highest common divisor of 325 and 722375?
25
Calculate the greatest common factor of 6 and 22229439.
3
What is the greatest common factor of 21674368 and 232?
232
Calculate the highest common divisor of 16448 and 170240.
64
What is the highest common divisor of 1629 and 4550173299?
1629
Calculate the highest common factor of 415623061 and 3647.
3647
What is the greatest common factor of 951957825 and 150?
75
What is the greatest common factor of 9 and 624929742?
9
Calculate the greatest common divisor of 10796 and 5945897.
2699
What is the greatest common divisor of 2309349 and 27393?
1191
What is the highest common factor of 54342 and 7713?
9
What is the highest common divisor of 6266476 and 344?
172
What is the greatest common factor of 12536 and 76897391?
1567
Calculate the greatest common factor of 62780484 and 1482.
1482
What is the highest common divisor of 403595 and 10865?
265
Calculate the highest common factor of 804878 and 8376188.
13642
What is the highest common divisor of 79904 and 48664?
88
What is the greatest common divisor of 496 and 16363504?
16
Calculate the highest common factor of 2371985 and 133595.
385
What is the highest common divisor of 2027486 and 2162?
94
What is the highest common divisor of 310 and 244302785?
155
What is the greatest common factor of 2196887 and 44597?
1939
Calculate the greatest common factor of 1378689 and 361725.
2067
Calculate the highest common divisor of 201 and 181281.
3
Calculate the highest common divisor of 207933579 and 102.
51
What is the greatest common divisor of 16413337 and 9297?
1033
Calculate the highest common factor of 16600228 and 476.
68
Calculate the highest common divisor of 198 and 9648606.
66
What is the greatest common factor of 4186 and 222040?
182
What is the highest common factor of 760515005 and 9155?
9155
Calculate the highest common divisor of 610276 and 433028.
116
Calculate the greatest common factor of 410 and 5871610.
410
What is the greatest common factor of 1738303 and 5110819?
10409
What is the greatest common factor of 471761 and 21225?
283
Calculate the highest common divisor of 1677 and 1775111.
13
What is the greatest common factor of 12 and 809358?
6
What is the highest common factor of 64723 and 420151?
1097
Calculate the highest common divisor of 25908 and 3720084.
1524
Calculate the greatest common factor of 178712 and 1304384.
712
Calculate the highest common factor of 10115 and 4195.
5
What is the greatest common divisor of 585 and 6777810?
585
What is the greatest common factor of 18975243 and 2166?
1083
Calculate the highest common divisor of 15538547 and 72013.
2323
What is the highest common divisor of 119340 and 146302?
442
Calculate the greatest common factor of 738903 and 363.
33
What is the highest common divisor of 3883 and 1437744?
11
What is the greatest common divisor of 9 and 31269555?
9
Calculate the greatest common divisor of 362 and 564335918.
362
What is the highest common factor of 69562917 and 5818?
2909
Calculate the greatest common divisor of 11356 and 3074804.
668
Calculate the highest common factor of 2055 and 3125310.
15
What is the greatest common divisor of 182151 and 441429?
1641
Calculate the highest common divisor of 6093388 and 84.
28
Calculate the highest common factor of 5070 and 905502.
1014
What is the greatest common factor of 160347 and 77?
11
What is the greatest common divisor of 1224 and 141192?
72
What is the highest common divisor of 185643 and 24?
3
What is the greatest common divisor of 59820 and 3879327?
2991
Calculate the greatest common factor of 7606 and 405840948.
7606
What is the highest common divisor of 6402 and 63198410?
2134
Calculate the greatest common divisor of 3153 and 196071.
3
What is the greatest common factor of 21250651 and 824?
103
What is the greatest common divisor of 4709783 and 26?
13
What is the highest common factor of 3480859 and 533?
41
Calculate the highest common divisor of 2052376 and 7752.
136
Calculate the highest common divisor of 466 and 9575834.
466
What is the highest common divisor of 1950279 and 13141?
773
What is the greatest common factor of 35 and 347705960?
35
What is the highest common divisor of 19932480 and 66134?
1538
Calculate the greatest common divisor of 231767455 and 5.
5
What is the highest common factor of 21 and 2709728?
7
Calculate the highest common factor of 32151 and 175497.
21
What is the highest common divisor of 2259306 and 10638?
54
What is the greatest common factor of 51808059 and 54?
27
What is the greatest common factor of 205 and 559164191?
41
Calculate the greatest common factor of 28268 and 33004.
148
Calculate the greatest common divisor of 295 and 13567435.
5
Calculate the highest common divisor of 500207357 and 39.
13
What is the highest common divisor of 5184 and 68268?
12
Calculate the greatest common divisor of 72 and 103697964.
36
Calculate the highest common factor of 12398016 and 613056.
5952
Calculate the highest common factor of 1610 and 2974797.
161
Calculate the highest common divisor of 1455559 and 11298.
1883
Calculate the greatest common divisor of 34404354 and 209367.
4869
What is the greatest common factor of 95676 and 90053628?
5628
Calculate the greatest common factor of 15936723 and 1035.
207
What is the greatest common factor of 11385 and 16753?
11
What is the greatest common factor of 10068434 and 188?
94
What is the greatest common factor of 23012562 and 123?
123
Calculate the greatest common factor of 12 and 4310403.
3
Calculate the greatest common divisor of 8067248 and 32.
16
Calculate the highest common factor of 3728 and 57600396.
932
Calculate the greatest common factor of 2434943 and 7.
7
Calculate the greatest common factor of 4058970 and 1710.
570
What is the highest common divisor of 32 and 191722960?
16
Calculate the highest common divisor of 153121 and 246924.
19
What is the highest common divisor of 2173971 and 37729?
1301
Calculate the highest common factor of 1227 and 99032397.
1227
Calculate the highest common factor of 36 and 50294484.
36
Calculate the highest common factor of 1168 and 20960.
16
Calculate the greatest common divisor of 28557824 and 48.
16
Calculate the greatest common factor of 25 and 20660635.
5
Calculate the greatest common factor of 5664825 and 4275.
225
Calculate t